4*s + 5*o + 14, -8 = 4*s + 4*o + 4. Let r be (s - -1) + 18 + -16. Let v(j) = j - 1. Calculate v(r).
1
Let u(a) be the second derivative of -5*a + 0 + 5/2*a**2 - 5/6*a**3. What is u(4)?
-15
Let j(s) be the third derivative of s**6/360 - s**5/120 + s**4/4 - 7*s**3/6 - 4*s**2. Let b(r) be the first derivative of j(r). Calculate b(0).
6
Let d(u) = -u**2 - 4*u - 2. Let z be d(-2). Let g = -58 + 54. Let i be z*(2/g - 2). Let b(c) = c**3 + 4*c**2 - 7*c - 6. Determine b(i).
4
Let s = 189/2 + -92. Let g(u) be the second derivative of -1/12*u**4 + u**3 - s*u**2 + 0 + u. Give g(4).
3
Let l(u) be the first derivative of u**4/4 - 2*u**3 - 3*u**2 - 6*u - 3. Calculate l(7).
1
Let q(p) be the first derivative of -p**3 + p**2 + 3*p + 14. Give q(-2).
-13
Let l(x) = -x**2 + 3*x + 5. Suppose 0 = -8*p + 3*p + 25. Give l(p).
-5
Suppose -2*r = 3 + 1. Suppose 3*d = -d + 4. Let o(w) = -w**2 + w. Let u(z) = 4*z**2 - 8*z + 1. Let n(f) = d*u(f) + 6*o(f). Calculate n(r).
-3
Let n(v) = -v + 7. Let w = 5 - 0. Let l be n(w). Let u(g) = -l*g + 2*g + 2*g - 3*g. What is u(-3)?
3
Let b be (-1 - 0)/((-4)/(-12)). Let g(c) = -c. Let u(w) = -w**2 - 2*w + 1. Let n(k) = g(k) + u(k). Determine n(b).
1
Suppose 37*v - 2 = 35*v. Let f(l) = -l**3 - 2*l**2 + l. Give f(v).
-2
Let m(n) = -4*n**3 - 9*n - 8. Let v(r) = -r**3 - 2*r - 2. Let d(x) = 2*m(x) - 9*v(x). Suppose -4*l = a - l + 12, -8 = 2*a + 2*l. What is d(a)?
2
Let x(j) = 27*j + 21*j - 50*j. Determine x(-2).
4
Let n(u) = 5*u + 2. Let j = 4 - 0. Suppose -4*m + 6*m - s = 0, 2*m - 12 = j*s. Determine n(m).
-8
Suppose -2 = -2*f - j, f - j = 2*j - 6. Suppose -2*t = -4*a - 4*t - 2, f = -2*a - 2*t - 6. Let y(i) = -i**2 + 2*i - 1. What is y(a)?
-1
Let p(r) = -r**3 - 8*r**2 - 5*r + 10. Let g be p(-7). Let l = 12 - 8. Let c(d) = l*d - 6 + 5 + d + d**2. What is c(g)?
-5
Let f(m) = 2*m**2. Let l be f(2). Let i = -6 + l. Let k(v) = 5 - 7 + 3 + i*v. Determine k(1).
3
Suppose d = 3*y + 6, -4*y - 5*d = -6 + 33. Let h(f) be the second derivative of f**3/3 + f**2/2 + 26*f. Give h(y).
-5
Let q(y) = -y**2 + y. Let c(g) be the second derivative of -g**4/12 + 7*g**3/6 - 5*g**2/2 + g. Let m(r) = -c(r) + 2*q(r). Suppose 2*f + 3*f + 25 = 0. Give m(f).
5
Let h(p) = p**2 - p - 4. Let t(l) = 13*l - 42. Let g be t(3). Give h(g).
8
Let k(j) = -4*j - 2. Suppose -u + 29 = 5*s, -4*u - 5*s + 55 + 1 = 0. Let q be (2/(-4))/(u/54). Calculate k(q).
10
Let y be 12/96 + (-45)/(-24). Let r(m) be the third derivative of -m**5/60 - m**4/24 + m**3/3 + m**2. What is r(y)?
-4
Let o(m) be the first derivative of -m**4/4 + 2*m**3/3 + 3*m**2 - 3*m + 1. Let f = 9 - 5. Calculate o(f).
-11
Let o(s) = s**2 - 5*s - 4. Let j be ((-20)/(-8))/((-5)/(-12)). Give o(j).
2
Let k(o) = 5*o. Let r(c) = -c**2 + 2*c + 3. Let v be r(3). Let q = v - -4. Suppose 3*d - 7 = -q*y, -6 = 4*d - 7*d - 3*y. What is k(d)?
5
Let g(f) be the second derivative of -f**3/6 - 5*f**2/2 + f. Let h = -6 - -2. What is g(h)?
-1
Suppose -2*t - 8 = -t. Suppose -3*s + 3 - 15 = 0. Let m = t - s. Let g(f) = f + 5. Determine g(m).
1
Let z(c) = 3*c - 20. Let s(b) be the second derivative of -b**3/6 + 7*b**2/2 + 3*b. Let p(m) = -8*s(m) - 3*z(m). Determine p(5).
-1
Let v = -2 + -5. Let c be v + 0/((-6)/3). Let z(i) = i + 3. Calculate z(c).
-4
Let j(r) = r**3 + r**2 - 5*r - 4. Suppose w + 0*w + 2 = 0. Let u(z) = z**3 + 2*z**2 + 2*z + 1. Let n be u(w). What is j(n)?
-7
Let k(d) = d**2 - 1. Suppose q = -4*p - 5 - 2, -3*q - 6 = -3*p. Let c(g) = -g**3 - 3*g**2 + g + 3. Let b(y) = p*c(y) - 4*k(y). Determine b(2).
3
Let u(y) = -y**3 + 2*y**2 - 1. Let m(k) = k - 3. Let c(d) = -d + 4. Let a be c(3). Let s be (3/(-6))/(a/(-8)). Let t be m(s). Give u(t).
0
Suppose 0 = -o + 3*f + 2*f - 5, -2*o - 5*f - 10 = 0. Let v(a) = -2*a + 7. Suppose 4*j - 55 = -j. Let l(y) = -y + 4. Let h(q) = j*l(q) - 6*v(q). What is h(o)?
-3
Let n(w) be the first derivative of 1/4*w**4 + w - 2 + 2*w**3 + 2*w**2. What is n(-5)?
6
Let j be (3 + -2)*(-2 - -7). Let w = -4 + j. Let l(n) = -9*n**3 + n**2 - n + 1. Give l(w).
-8
Let o(l) = 19*l**3 + 6*l**2 - 2*l + 1. Let v(d) = -18*d**3 - 5*d**2 + 2*d - 1. Let q(g) = 4*o(g) + 5*v(g). Give q(1).
-14
Let k(t) = t**3 - 6 + 0 - 2*t**3 - 4 - t. Calculate k(0).
-10
Let g(x) be the second derivative of -x**8/6720 - x**7/630 + x**6/360 + x**5/60 + x**4/12 + 3*x. Let v(w) be the third derivative of g(w). Determine v(-2).
-10
Suppose 9 = 3*v - y, y = -v + 3*v - 5. Let h(u) = u + 5. Give h(v).
9
Let s be ((-5)/(125/(-60)))/(2/5). Let m(d) = -2*d**2 + 8*d - 8. Give m(s).
-32
Let y(z) = z**3 + 3*z**2 - z - 2. Let a be y(-3). Let b(k) = 11*k**2 - 3*k + 8. Let u(h) = 4*h**2 - h + 3. Let l(n) = -3*b(n) + 8*u(n). What is l(a)?
0
Let a be 6/21 + (-99)/(-21). Suppose -10 - 5 = -a*s. Let k(v) = -3 - 4*v**s + 0 + 3*v + 3*v**3 + v**2. What is k(2)?
-1
Suppose -9*z + 32 = -z. Let y(i) = -i**3 + 3*i**2 + 5*i - 5. Calculate y(z).
-1
Let j(y) = -y**3 + 8*y**2 - 9*y + 8. Let n be j(7). Let f = n - -6. Let w(p) = -p + 3. Calculate w(f).
3
Suppose -4*z = z + 70. Let g be (-66)/(-14) + (-4)/z. Let q(d) = d**2 - 7*d + 5. Give q(g).
-5
Let z(l) be the third derivative of l**6/120 + l**5/15 - l**3/6 + l**2. Let n = -70 + 66. Give z(n).
-1
Let t(i) = i - 3. Let u(l) = -l + 4. Let x(c) = -2*t(c) - 3*u(c). Suppose -b = 3*b - 12. Calculate x(b).
-3
Let l(r) = r**2 + 9*r + 8. Suppose 0 = 3*z + 5*k + 41, 2*k = z + z + 6. What is l(z)?
-6
Let i(h) be the third derivative of h**4/12 + 29*h**2. Let w(a) = a**3 + 2*a**2 - a - 1. Let x be w(-2). Determine i(x).
2
Let h = -29 + 29. Let s(t) be the second derivative of t**2 + h - 3*t + 1/2*t**3. What is s(-2)?
-4
Suppose 0 = -f - 0*c + 5*c - 22, -3*f + 4 = -c. Let n(m) = 2*m. Calculate n(f).
6
Let j = -39 - -45. Let z(l) be the first derivative of -l**3/3 + 5*l**2/2 + 8*l - 1. Give z(j).
2
Let u(p) = p**2 + 3*p + 2. Let f = -7 + 4. Give u(f).
2
Let j(t) = -t**2 + 4*t - 1. Let z be 27/6*(-6)/(-9). Give j(z).
2
Let o(j) = -2*j**2 + 5*j - 3. Let g(b) = -10*b**2 + 25*b - 14. Let r(l) = -2*g(l) + 11*o(l). What is r(4)?
-17
Let k(j) = -j**3 + 5*j**2 + 6*j + 3. Suppose -2*v + 6 = 3*x + v, 0 = -v - 4. What is k(x)?
3
Suppose -p + 3 = -0. Let y(v) be the second derivative of v**5/20 - v**4/4 - 3*v**2/2 - 3*v. Determine y(p).
-3
Let y(o) = o - 2. Let d = -5 + 7. Determine y(d).
0
Let x = 113 + -114. Suppose 4*q + 6 = -2*l + 2, 2*l + 2 = -3*q. Let a(o) = -2*o**2 + 4*o**2 + 4*o**l - 2*o - 1. Determine a(x).
7
Let h = 31 + -22. Let n(i) = h + 2*i**3 + 8*i + 0*i + i**2 - 6*i**2 - 3*i**3. Suppose 33 - 3 = -5*x. Calculate n(x).
-3
Let w(a) = 27*a + 1 - 1 + 1 - 26*a. Let b(p) = p - 3. Let v be b(2). Let f = v - -4. Calculate w(f).
4
Let k be (9/27)/((-2)/(-6)). Let f(y) be the second derivative of 0*y**4 + 0 - 1/10*y**5 + 0*y**3 - y + 1/2*y**2. Determine f(k).
-1
Let x(m) = -m**2 - 2*m - 7. Let g be x(6). Let h be (-11)/g + 9/5. Let k(f) = -3*f - 1. What is k(h)?
-7
Let n(x) = x**3 + 4*x**2 - x + 1. Let a(q) = -q**2 + 5*q - 1. Let r be a(4). Suppose -2*j + r*f - 25 = 2*j, -5*j = -3*f + 29. Give n(j).
5
Suppose -g - 3*t - 17 = 0, 2*g + 0*t + 18 = -2*t. Let k(j) = 4*j**2 + 4*j. Let n(i) = -7*i**2 - 8*i. Let z(w) = g*k(w) - 3*n(w). Calculate z(-4).
0
Suppose 2*p = 2*w + 2, 0 = -2*w - 3*p - 0 - 2. Let t(d) = 14*d**2 - 1. Calculate t(w).
13
Let g(v) = v**2 + 5*v - 4. Let q = 7 + -10. Calculate g(q).
-10
Let w(f) = -18 + 3*f - 15 + 34. Determine w(-3).
-8
Let d(t) = -3*t + 13. Let v(b) = b**3 - 8*b**2 + 6*b + 2. Let u be v(7). Let m(h) = 2*h - 7. Let o(r) = u*m(r) - 3*d(r). What is o(-2)?
-2
Let m(a) = a**3 - 5*a**2 + 2*a + 4. Suppose -3*s + 2*g = s + 26, -4*g = -s - 3. Let v be 2/s + (-46)/(-14). What is m(v)?
-8
Let s(b) = b**2 + 3*b + 1. Let a be s(-4). Suppose -3*o + 30 = 3*z, -3*o = -4*o + 3. Let f(g) = z - 1 - 4*g + g. Calculate f(a).
-9
Let g(l) be the first derivative of -1/3*l**3 + 4*l + 3/2*l**2 - 3. Give g(5).
-6
Let i(v) = -2*v**2 - 2*v + 5. Let j(q) = -4*q**2 - 3*q + 11. Let z(s) = 5*i(s) - 3*j(s). Let p(m) be the first derivative of z(m). What is p(3)?
11
Let r = 239 + -238. Let v(b) = -8*b**3 + 4*b**2 - 3 - 2*b**2 + 2. What is v(r)?
-7
Let n(u) be the second derivative of u**6/720 + u**5/30 - u**4/6 + 4*u. Let t(x) be the third derivative of n(x). What is t(-5)?
-1
Suppose -4 = -2*j - 5*h, -3*h + 1 = -3*j + 28. Let n(o) = -o